 779*h. Let i(l) = l**3 - 6*l**2 - 10*l + 27. Determine i(h).
6
Let r(j) be the second derivative of 2 + 0*j**3 - 88*j - 4*j**2 + 1/12*j**4. Suppose 5*s = 4*s. Determine r(s).
-8
Let x(d) = -3 - 1382346290*d + 1382346284*d - 3. Let v(g) = -3*g - 5. Let y be v(-4). Calculate x(y).
-48
Let l(x) = x**3 + 2*x**2 - 3*x - 12. Let n(y) = 2*y**3 + 6*y**2 - 7*y - 29. Let m(g) = -9*l(g) + 4*n(g). What is m(4)?
20
Suppose 3*j - 13 = 5*d + 2, d - 43 = -4*j. Let m be -2*5/j*-3. Let x(c) = -4 - 4*c + 3*c + m - c. Determine x(-4).
7
Let w(f) = 2*f**2 + f. Let m(o) = o**3 - 2*o**2 + 15*o + 9. Let v(a) = a**3 - 3*a**2 + 14*a + 8. Let s(j) = 6*m(j) - 7*v(j). Let h be s(8). Determine w(h).
6
Suppose 0 = 3*j + 3*j + 36. Let g be 4/(-3 - 21/j). Let f(r) be the first derivative of r**4/4 - 7*r**3/3 - 4*r**2 - 2*r + 3. Determine f(g).
-2
Suppose w - i = 5, -3*w = -0*i + 5*i - 23. Suppose 3*l - 14 = -5*v, -5*l - w = -7*l. Let b(h) = -2*h**3 + h**2 + h - 1. What is b(v)?
-1
Let c(q) = 25*q**2 - 64*q + 84. Let v(a) = 29*a**2 - 69*a + 84. Let r(u) = 7*c(u) - 6*v(u). What is r(3)?
-9
Let q(w) = 29*w - 1304 + 2*w**2 + 2871 - w**2 - 1364. What is q(-17)?
-1
Let a(q) = -5*q + 87 - 38 + 4*q - 4 - 41 - q. Let z = 0 + -1. Let x = z + 4. Determine a(x).
-2
Let q(z) = 7*z - 4*z + 2*z - 5 + 2*z + 2*z. Let b(x) = -14*x + 5. Let l(w) = -2*b(w) - 3*q(w). Give l(-2).
3
Let z(w) be the third derivative of -w**6/120 - 3*w**5/5 + 37*w**4/12 - 83*w**3/6 - 4785*w**2. Give z(-38).
-7
Let c = 4134 + -4158. Let v(t) = 3*t + 60. Calculate v(c).
-12
Suppose -39*g + 572 = 13*g. Suppose -b = -g*b + 10. Let r(m) = -52*m**2 + m. Give r(b).
-51
Let k be (11/33)/((-6)/(-36)). Let p(d) = -d - 57 + 76*d**2 + 60 - 75*d**k. Let a = 0 - 0. Calculate p(a).
3
Let p(u) = u**3 - 8*u**2 - 3*u + 8. Let f be (2/3)/(3/18). Suppose w - 2*m - 9 = 3, f*w = 3*m + 38. What is p(w)?
-16
Let k = -32 - -35. Let i(c) = 2*c + 4 - 6*c - 4 + c**2 + k. Let z be (-56)/(-16)*(-8)/(-14). Calculate i(z).
-1
Let b(j) = -8*j**2 - 2 - 2 + 1 + 0 - 4*j. Let t = 4180 - 4181. Give b(t).
-7
Let g(y) = y**2 + 6*y - 3. Let f = -38 - -40. Suppose 6*b - 196 = f. Let p = b + -39. Give g(p).
-3
Let c be 8/12 + 4/(-6). Suppose -2*n + 7*n + 35 = c. Let o(f) = 25*f**2 + 30*f - 16. Let j(m) = 46*m**2 + 56*m - 31. Let l(q) = 6*j(q) - 11*o(q). Give l(n).
-3
Let x(j) = -22*j - 45. Suppose 0 = -112*s + 109*s + 9. Let z(u) = -8*u - 16. Let t(b) = s*x(b) - 8*z(b). Suppose 1 + 29 = -5*i. Determine t(i).
5
Suppose 6 - 15 = -3*u - 5*i, 0 = -5*u + 2*i + 15. Let q(v) = 23*v**2 - 3*v**3 + v**2 - 10 - 15*v**2 + v**u + v**3. Calculate q(9).
-10
Let r(q) = -2*q**3 + 70*q**2 + 77*q - 153. Let c be r(36). Let u(w) = -w**3 + 26*w**2 + 30*w - 16. Calculate u(c).
65
Let i(m) be the first derivative of 17*m**3/3 + m**2 + 2*m - 19. Let r be i(-1). Let o = r - 9. Let q(y) = 2*y - 8. Give q(o).
8
Let a(y) be the first derivative of 4*y**2 + 72*y + 2489. Determine a(-14).
-40
Let r(a) be the third derivative of a**6/120 + 9*a**5/20 - 29*a**4/24 - 29*a**3/6 - 89*a**2 + 8*a. Calculate r(-28).
-1
Let p(v) = -80*v - 136. Let a be p(-21). Let w(c) = 0*c + a - 3*c - 793 - 769. Give w(-7).
3
Let h = -195 + 191. Let m(f) = -f**2 - 13*f - 34. Let b be m(h). Let z(x) = -2 + 3 - 3*x**2 + 2*x**2 + x. What is z(b)?
-1
Let v = -2299 + 2302. Let k(p) be the first derivative of -1/4*p**4 + p**2 + 4*p - 2/3*p**v + 1. Give k(-3).
7
Let q = 14 - 10. Suppose a = q*c + 24, a - c + 1 = 10. Let m(f) = 1 + 1107*f - 554*f - 552*f. Calculate m(a).
5
Suppose -21*a - 7663 = -7873. Let v(w) = -4*w + 22. What is v(a)?
-18
Let g be 0 + (1 + 2 - 3). Let b(x) be the second derivative of -2*x**3/3 + x**2 + 4*x - 224. Calculate b(g).
2
Let a(n) = 277*n - 1371. Let w be a(5). Let i(j) be the first derivative of w + 2*j**3 + 3*j + 1/4*j**4 + 3*j**2. What is i(-5)?
-2
Let j(u) = 5*u - 1. Let g(a) = -16*a - 213. Let q be g(-15). Suppose -28*i - 1 = -q*i. Give j(i).
-6
Let v(i) = 5*i - 1. Let p(q) = -2*q + 10. Let f(d) = -6*p(d) - v(d). What is f(9)?
4
Suppose 40 = 5*n + 155. Let m = n + 22. Let g = 1 + m. Let u(o) = o**2 + o + 6. What is u(g)?
6
Let g = 153 - 151. Suppose -400*x = -401*x - g. Let t(m) = -14*m. Determine t(x).
28
Let i(q) = q**3 + 4*q**2 - 6*q. Suppose 3 = -105*g + 104*g - s, -s + 7 = -g. What is i(g)?
5
Let v(k) = -k**2 + 5*k + 1. Suppose -3*a = -3*w + 24, -173*w = -171*w - 4*a - 22. What is v(w)?
1
Suppose a - 4*q - 24 = 2*a, -5 = -5*a + 5*q. Let s be (0 + 9/a + 2)*-4. Let f(r) = 6*r**2 + 2*r - 2. Determine f(s).
6
Suppose 70*a - 69*a + 6 = -3*p, 4*p = 2*a - 28. Let r(j) = -j**3 + 35*j + 1. Determine r(a).
-5
Let y(a) = -68*a + 128. Let i be (52/(-182))/((-3)/7)*3. Calculate y(i).
-8
Suppose 0 = -3*j - 98 - 22. Let a = j - -48. Let d(w) = -w**2 + 8*w - 3. Let u be d(a). Let n(o) = -2*o. Determine n(u).
6
Let l(x) = -74*x + 4*x**2 + 15 - 3*x**2 + 92*x. Calculate l(-16).
-17
Let u(v) = 465*v - 1775*v + 472*v + 469*v + 441*v. What is u(1)?
72
Let i(o) = -6 + 7*o + 16*o - 6 - 32*o + 9. Calculate i(1).
-12
Let x(m) = m + m - 1 + 3*m - 8. Let o(k) = 12*k - 102. Let u be o(9). Let r(i) = -6*i + 9. Let l(b) = u*r(b) + 7*x(b). Determine l(-6).
-3
Let h(c) = -c**2 + 5*c + 3. Suppose -p = 3*s - 20, -6*s - 44 = -5*p - 7*s. Suppose 12*o + p*o = 100. Give h(o).
3
Let b(w) be the third derivative of -w**5/40 - w**4/12 - 41*w**3/3 + 61*w**2. Let k(z) be the first derivative of b(z). Calculate k(-3).
7
Let g(s) = s + 13. Let x be g(-13). Let j(w) = 6*w**2 - 34*w**2 + 1 + 0*w**2 + x + 2*w. Calculate j(-1).
-29
Let o be (1/(-5))/(2196/100 + -22). Let c(x) = -11*x + 8. Let d(a) be the first derivative of a**2 - a + 2. Let r(u) = o*d(u) + c(u). Calculate r(5).
-2
Let b(z) = -z**2 - 10*z + 6. Let n = 38 + -206. Let h = -177 - n. Determine b(h).
15
Let j be 4*1 - (400/25 + -15). Let i(m) be the second derivative of m**3/6 + 10*m. Give i(j).
3
Let g = -282 + 288. Let q(w) = 11*w - 78. Calculate q(g).
-12
Let r be (3 + 6/(-3))/(-1). Let p(c) = 0*c**3 - 8*c**3 - 6*c + 7*c - 24*c**2 + 24*c**2. Determine p(r).
7
Let i(g) = -5*g**3 + 2*g**2 + g. Let r(z) = -z**2 - 15*z - 29. Let v be r(-11). Suppose v = a + 16, -3*n + 4*a = -1. What is i(n)?
6
Let p be -5 + 7/((-35)/(-45)). Let o(t) = t**3 - 5*t**2 + 11*t - 14. Let y be o(p). Let z(j) = y*j**3 + 9 + 5*j**2 + j - 4*j**2 - 15*j**3. Determine z(0).
9
Let p(n) be the second derivative of -n**5/20 + 3*n**4/4 + n**3 + 7*n**2/2 - 6*n - 1. What is p(10)?
-33
Suppose 18 = 11*u - 2*u. Let n(p) = -5*p**2 + 10*p + 8*p**u + 156 - 154 - 3*p. Determine n(-5).
42
Let k(c) = 28*c + 27*c - 90*c + 34*c - 1. What is k(8)?
-9
Let c(f) = f**2 + 9*f - 10. Suppose -109*q = -107*q - 884. Suppose -30 = 445*p - q*p. Calculate c(p).
0
Let s(v) be the third derivative of -v**6/120 + v**5/12 + v**4/6 - 5*v**3/2 - 2455*v**2 + 2. Determine s(6).
-27
Suppose 4*j + 776 = 4*g, g = 2*j - 2*g + 386. Let c = j + 186. Let m(r) = -2*r - 24. Determine m(c).
-4
Let i(r) = 13*r + 138. Let s(b) = 6*b + 57. Let q(m) = 2*i(m) - 5*s(m). Give q(-3).
3
Suppose 22 = -209*l + 166*l - 64. Let c(n) = -45*n - 5. What is c(l)?
85
Let c(a) = -2*a - 2*a - 3*a - 3 + 0*a. Let s be c(-2). Let l(g) = -12 + 11 + 2*g + s - g. What is l(-5)?
5
Let r(x) = -x + 3. Let k be 166/6 - 6/(-18). Suppose -4*j - 3*h = -k, -5*h = 4*j - 0*h - 28. Determine r(j).
-4
Let d(i) = 2*i**3 + 20*i**2 - 11*i - 109. Let s be d(-10). Let g(c) = 35*c**3 - c**2 + 2*c - 1. Calculate g(s).
35
Let r = 23048/34563 + -2/11521. Let b(z) be the second derivative of 0 + 1/20*z**5 + 1/12*z**4 - r*z**3 + 8*z + 1/2*z**2. What is b(-3)?
-5
Let b(v) be the second derivative of v**5/20 - v**4/3 - 2*v**3/3 + 3*v**2/2 - 454*v. Let u be (-20)/6*(-15)/10. Calculate b(u).
8
Let n(z) = 3*z - 2321 - 2318 + 4589. Determine n(0).
-50
Let s(d) = 8*d + 9. Let f(p) = -11*p - 13. Let w(z) = 5*f(z) + 7*s(z). Let u(i) = 5*i - 21. Let h(l) = u(l) - 4*w(l). Calculate h(6).
-7
Let k(v) = -v - 5. Let a(w) = w**2 + w + 2. Let b be a(3). Let d = -23 + b. Determine k(d).
4
Let h(l) = 2*l**3 + 3*l**2 - 3*l + 4. Let f be h(4). Suppose -164*z = -f*z + 12. Let n(v) = -v - z*v + 10 + 4*v + v. Determine n(-10).
0
Suppose 5*g - 668 = -678. Let m(c) = -2 + c**2 - 2*c**3 - 10*c + 21*c + 3*c**3 - 14*c. Determine m(g).
0
Let t = 525 + -523. Let d(c) = -6*c**2 + 10*c + 2. What is d(t)?
-2
Let a(m) =